{"id":1587,"date":"2026-05-04T09:02:16","date_gmt":"2026-05-04T07:02:16","guid":{"rendered":"https:\/\/thecornerstone.fr\/?page_id=1587"},"modified":"2026-05-04T09:02:16","modified_gmt":"2026-05-04T07:02:16","slug":"les-signaux-faibles","status":"publish","type":"page","link":"https:\/\/thecornerstone.fr\/index.php\/spectacles\/les-signaux-faibles\/","title":{"rendered":"LES SIGNAUX FAIBLES"},"content":{"rendered":"<div class=\"note-intention\">\n<p><strong>LES SIGNAUX FAIBLES<\/strong><\/p>\n<p>Douleur et beaut\u00e9.<\/p>\n<p>LES SIGNAUX FAIBLES emm\u00e8nent plus loin mon exploration sc\u00e9nique du Mal et de la Violence, au croisement de l&#8217;intime et l&#8217;Histoire, \u00e0 travers les myst\u00e8res des forces qui impactent la jeunesse.<\/p>\n<p>Comment une enfance brutale, floue ou incompl\u00e8te entre-t-elle soudainement en r\u00e9sonance avec la violence contemporaine ?<br \/>\nQuelles forces se disputent le c\u0153ur d&#8217;un jeune \u00eatre esseul\u00e9\u00b7e, en proie au doute, \u00e0 la peur, \u00e0 la rage, \u00e0 la tristesse ou \u00e0 l&#8217;incompr\u00e9hension du monde ?<br \/>\nComment la m\u00e9lancolie et la beaut\u00e9 peuvent-elles dialoguer avec ses parts de myst\u00e8re et d&#8217;obscurit\u00e9 ?<\/p>\n<p>\u00c0 travers le destin d&#8217;un jeune homme tourment\u00e9 dans un Japon d&#8217;apr\u00e8s guerre, j&#8217;explore cette figure sensible travers\u00e9e par les myst\u00e8res du passage \u00e0 l&#8217;\u00e2ge adulte, au carrefour de son histoire intime et de notre Histoire commune, et des figures contemporaines du Mal qui s&#8217;y cachent.<\/p>\n<p>Un point nodal de fragilit\u00e9, d&#8217;o\u00f9 naissent des vertiges de beaut\u00e9 et de n\u00e9ant.<\/p>\n<p>Depuis le c\u0153ur d&#8217;enfants d\u00e9laiss\u00e9s, bless\u00e9s, ou en manque d&#8217;amour, je raconterai parall\u00e8lement le cr\u00e9puscule d&#8217;une soci\u00e9t\u00e9 malade qui, en oubliant ou en maltraitant ses enfants, se condamne elle-m\u00eame au n\u00e9ant et \u00e0 l&#8217;oubli.<\/p>\n<p>Avec mon \u00e9quipe rapproch\u00e9e de cr\u00e9atrices, de musiciens, de vid\u00e9astes,&#8230; et dans une sc\u00e9nographie, qui poursuit cette mise en tension du visible et de l&#8217;invisible, du sc\u00e9nique et du hors-champ, du dit et du pens\u00e9,&#8230; nous d\u00e9ploierons ces zones grises, secr\u00e8tes et indicibles de nos existences.<\/p>\n<p>Une natte enfantine, entrela\u00e7ant douleur, beaut\u00e9, th\u00e9\u00e2tre, musique et cin\u00e9ma.<\/p>\n<p style=\"text-align: right;\">Simon Mauclair<\/p>\n<\/div>\n<details>\n<summary>G\u00c9N\u00c9RIQUE<\/summary>\n<p>D&#8217;apr\u00e8s les nouvelles Seventeen et Mort d&#8217;un jeune militant de \/ <strong>Kenzaburo O\u00e9<\/strong>, Prix Nobel de Litt\u00e9rature<\/p>\n<p>Adaptation, sc\u00e9nographie &amp; mise en sc\u00e8ne \/ <strong>Simon Mauclair<\/strong><\/p>\n<p>Assistanat mise en sc\u00e8ne \/ <strong>(en cours)<\/strong><\/p>\n<p>Cr\u00e9ation musicale &amp; sonore \/ <strong>Allan de la Houdaye<\/strong><\/p>\n<p>Cadre vid\u00e9o \/ <strong>Matthieu Ponchel<\/strong><\/p>\n<p>R\u00e9gie vid\u00e9o \/ <strong>Marine Cerles<\/strong><\/p>\n<p>Cr\u00e9ation lumi\u00e8re \/ <strong>(en cours)<\/strong><\/p>\n<p>Cr\u00e9ation costumes \/ <strong>Christine Ducouret<\/strong><\/p>\n<p>R\u00e9gie son &amp; micros HF \/ <strong>(en cours)<\/strong><\/p>\n<p>Administration \/ <strong>Marie-Pierre Jean &#8211; La P\u00e9pini\u00e8re Rouge<\/strong><\/p>\n<p>Avec \/ <strong>(distribution en cours)<\/strong><\/p>\n<\/details>\n<details>\n<summary>PRODUCTION<\/summary>\n<p><strong>Production<\/strong> Compagnie Cornerstone<\/p>\n<p><strong>Coproductions<\/strong> La Halle aux Grains \u2013 Sc\u00e8ne Nationale de Blois \/ Th\u00e9\u00e2tre Joliette \u2013 Sc\u00e8ne Conventionn\u00e9e de Marseille \/ Th\u00e9\u00e2tre Malesherbes \u2013 Maisons-Laffitte \/ Th\u00e9\u00e2tre National des Arts du Peuple du Sichuan, CHINE \/ OARA \u2013 Office Artistique de la Nouvelle-Aquitaine \/ (+ discussions en cours)<\/p>\n<p><strong>Construction des d\u00e9cors<\/strong> Ateliers du Th\u00e9\u00e2tre de l&#8217;Union \u2013 Centre Dramatique National<\/p>\n<p><strong>Soutiens<\/strong> Ville de Limoges \/ R\u00e9gion Nouvelle-Aquitaine \/ Direction R\u00e9gionale des Affaires Culturelles de la Nouvelle-Aquitaine \/ Mus\u00e9e du Quai Branly \u2013 Jacques Chirac \/ ADAMI (en cours) \/ Fonds d&#8217;insertion \u2013 \u00c9coles sup\u00e9rieures d&#8217;art dramatique (en cours)<\/p>\n<\/details>\n","protected":false},"excerpt":{"rendered":"<p>LES SIGNAUX FAIBLES Douleur et beaut\u00e9. LES SIGNAUX FAIBLES emm\u00e8nent plus loin mon exploration sc\u00e9nique du Mal et de la Violence, au croisement de l&#8217;intime et l&#8217;Histoire, \u00e0 travers les myst\u00e8res des forces qui impactent la jeunesse. Comment une enfance brutale, floue ou incompl\u00e8te entre-t-elle soudainement en r\u00e9sonance avec la violence contemporaine ? Quelles forces [&hellip;]<\/p>\n","protected":false},"author":1,"featured_media":0,"parent":91,"menu_order":0,"comment_status":"closed","ping_status":"closed","template":"","meta":{"footnotes":""},"class_list":["post-1587","page","type-page","status-publish","hentry"],"_links":{"self":[{"href":"https:\/\/thecornerstone.fr\/index.php\/wp-json\/wp\/v2\/pages\/1587","targetHints":{"allow":["GET"]}}],"collection":[{"href":"https:\/\/thecornerstone.fr\/index.php\/wp-json\/wp\/v2\/pages"}],"about":[{"href":"https:\/\/thecornerstone.fr\/index.php\/wp-json\/wp\/v2\/types\/page"}],"author":[{"embeddable":true,"href":"https:\/\/thecornerstone.fr\/index.php\/wp-json\/wp\/v2\/users\/1"}],"replies":[{"embeddable":true,"href":"https:\/\/thecornerstone.fr\/index.php\/wp-json\/wp\/v2\/comments?post=1587"}],"version-history":[{"count":1,"href":"https:\/\/thecornerstone.fr\/index.php\/wp-json\/wp\/v2\/pages\/1587\/revisions"}],"predecessor-version":[{"id":1588,"href":"https:\/\/thecornerstone.fr\/index.php\/wp-json\/wp\/v2\/pages\/1587\/revisions\/1588"}],"up":[{"embeddable":true,"href":"https:\/\/thecornerstone.fr\/index.php\/wp-json\/wp\/v2\/pages\/91"}],"wp:attachment":[{"href":"https:\/\/thecornerstone.fr\/index.php\/wp-json\/wp\/v2\/media?parent=1587"}],"curies":[{"name":"wp","href":"https:\/\/api.w.org\/{rel}","templated":true}]}}